{"id":5486,"date":"2024-04-01T20:50:40","date_gmt":"2024-04-01T18:50:40","guid":{"rendered":"https:\/\/www.empathicway.pl\/online\/?post_type=product&#038;p=5486"},"modified":"2024-06-14T10:10:32","modified_gmt":"2024-06-14T08:10:32","slug":"autentycznosc-i-empatia","status":"publish","type":"product","link":"https:\/\/www.empathicway.pl\/online\/produkt\/autentycznosc-i-empatia\/","title":{"rendered":"Autentyczno\u015b\u0107 i empatia \u2013 nagranie webinaru"},"content":{"rendered":"<p><em>Jak <strong>by\u0107 sob\u0105<\/strong> i jednocze\u015bnie mie\u0107 <strong>empati\u0119<\/strong> dla innych?<\/em><\/p>\n<p><em>Jak dba\u0107 o swoje <strong>granice<\/strong> nie rani\u0105c innych?<\/em><\/p>\n<p><em>Jak <strong>wys\u0142ucha\u0107<\/strong> osoby, z kt\u00f3rymi si\u0119 <strong>nie zgadzam<\/strong>, i nie zatraci\u0107 w\u0142asnej integralno\u015bci?<\/em><\/p>\n<p>Czy czasem pojawiaj\u0105 si\u0119 w Tobie tego typu pytania?<\/p>\n<p>Je\u015bli tak, to serdecznie zapraszam do obejrzenia webinaru, podczas kt\u00f3rego opowiadam, jak zadba\u0107 o te dwie jako\u015bci w swoim \u017cyciu.<\/p>\n<p>Mam nadziej\u0119, \u017ce po obejrzeniu tego nagrania <strong>Porozumienie bez Przemocy<\/strong> przestanie Ci si\u0119 kojarzy\u0107 z <strong>byciem mi\u0142\u0105 osob\u0105<\/strong>, kt\u00f3ra nigdy <strong>nie ocenia<\/strong> innych i zawsze stawia <strong>potrzeby najbli\u017cszych<\/strong> na pierwszym miejscu. Poka\u017c\u0119 Ci jak empatia i szczero\u015b\u0107 oraz dbanie zar\u00f3wno o potrzeby innych jak i swoje, mog\u0105 i\u015b\u0107 ze sob\u0105 w parze.<\/p>\n<p>&nbsp;<\/p>\n<div class=\"et_pb_row et_pb_row_4\">\n<div class=\"et_pb_column et_pb_column_4_4 et_pb_column_5 et_pb_css_mix_blend_mode_passthrough et-last-child\">\n<div class=\"et_pb_with_border et_pb_module et_pb_text et_pb_text_2 et_pb_text_align_center et_pb_bg_layout_light\">\n<p><strong>Informacje praktyczne:<\/strong><\/p>\n<div class=\"et_pb_text_inner\">\n<ul>\n<li><strong>Czas trwania webinaru:<\/strong> 44 minuty<\/li>\n<li><strong>Cena:<\/strong> 39 z\u0142<\/li>\n<li>Opr\u00f3cz\u00a0<strong>dost\u0119pu do nagrania<\/strong>\u00a0otrzymasz plik\u00a0<strong>PDF<\/strong>\u00a0z\u00a0<strong>prezentacj\u0105<\/strong>.<\/li>\n<li>Nagranie jest dost\u0119pne na\u00a0<strong>platformie online<\/strong>\u00a0Empathic Way. B\u0119dziesz mie\u0107 do niej dost\u0119p w dowolnym czasie i z dowolnego komputera\/telefonu minimum przez rok. Wymaga to posiadania konta na platformie (je\u015bli go nie masz, utworzy si\u0119 automatycznie przy sk\u0142adaniu zam\u00f3wienia) i\u00a0<strong>zalogowania si\u0119<\/strong>.<\/li>\n<li>Po z\u0142o\u017ceniu zam\u00f3wienia,\u00a0<strong>link do nagrania\u00a0<\/strong>b\u0119dzie dost\u0119pny w mailu potwierdzaj\u0105cym oraz na stronie\u00a0<a href=\"https:\/\/www.empathicway.pl\/online\/moje-konto\/\"><strong>Moje konto<\/strong><\/a>\u00a0po zalogowaniu si\u0119.<\/li>\n<li>Nie ma mo\u017cliwo\u015bci pobrania wideo na sw\u00f3j komputer.<\/li>\n<\/ul>\n<div class=\"et_pb_row et_pb_row_4\">\n<div class=\"et_pb_column et_pb_column_4_4 et_pb_column_5 et_pb_css_mix_blend_mode_passthrough et-last-child\">\n<div class=\"et_pb_with_border et_pb_module et_pb_text et_pb_text_2 et_pb_text_align_center et_pb_bg_layout_light\">\n<div class=\"et_pb_text_inner\"><\/div>\n<\/div>\n<\/div>\n<\/div>\n<div class=\"et_pb_section et_pb_section_5 et_section_regular\">\n<div class=\"et_pb_row et_pb_row_5\">\n<div class=\"et_pb_column et_pb_column_2_3 et_pb_column_7 et_pb_css_mix_blend_mode_passthrough et-last-child\">\n<div class=\"et_pb_with_border et_pb_module et_pb_text et_pb_text_3 et_pb_text_align_left et_pb_bg_layout_light\">\n<div class=\"et_pb_text_inner\">\n<p><strong>Prowadz\u0105ca:<\/strong><\/p>\n<\/div>\n<\/div>\n<\/div>\n<\/div>\n<\/div>\n<\/div>\n<\/div>\n<\/div>\n<\/div>\n<div class=\"et_pb_section et_pb_section_5 et_section_regular\">\n<div class=\"et_pb_row et_pb_row_5\">\n<div class=\"et_pb_module et_pb_image et_pb_image_0\"><span class=\"et_pb_image_wrap \"><img decoding=\"async\" class=\"wp-image-693 alignleft\" title=\"Magdalena-Malinowska-Empathic-Way-Europe-Online-Nonviolent-Communication-NVC\" src=\"https:\/\/online.empathicway.pl\/wp-content\/uploads\/2021\/04\/Magdalena-Malinowska-Empathic-Way-Europe-Online-Nonviolent-Communication-NVC.jpg\" sizes=\"(min-width: 0px) and (max-width: 480px) 480px, (min-width: 481px) 511px, 100vw\" srcset=\"https:\/\/online.empathicway.pl\/wp-content\/uploads\/2021\/04\/Magdalena-Malinowska-Empathic-Way-Europe-Online-Nonviolent-Communication-NVC.jpg 511w, https:\/\/online.empathicway.pl\/wp-content\/uploads\/2021\/04\/Magdalena-Malinowska-Empathic-Way-Europe-Online-Nonviolent-Communication-NVC-480x480.jpg 480w\" alt=\"Magdalena Malinowska Empathic Way\" width=\"212\" height=\"212\" \/><\/span><\/div>\n<div class=\"et_pb_column et_pb_column_2_3 et_pb_column_7 et_pb_css_mix_blend_mode_passthrough et-last-child\">\n<div class=\"et_pb_with_border et_pb_module et_pb_text et_pb_text_3 et_pb_text_align_left et_pb_bg_layout_light\">\n<div class=\"et_pb_text_inner\">\n<p><strong>Magdalena Malinowska-Berggren<\/strong><\/p>\n<p>Jestem certyfikowan\u0105 trenerk\u0105 Porozumienia bez Przemocy (certyfikat CNVC, USA). Wspieram w budowaniu satysfakcjonuj\u0105cego \u017cycia i dobrych relacji, prywatnych i zawodowych, poprzez szkolenia indywidualne i grupowe pog\u0142\u0119biaj\u0105ce umiej\u0119tno\u015b\u0107 skutecznej komunikacji. Inspiruj\u0119 do szczerego dawania informacji zwrotnych oraz otwarto\u015bci na perspektyw\u0119 innych os\u00f3b. Prowadz\u0119 firm\u0119\u00a0Empathic Way (www.empathicway.pl), w ramach kt\u00f3rej pomagam we wdra\u017caniu <a href=\"https:\/\/www.empathicway.pl\/porozumienie-bez-przemocy-podstawowe-informacje\/\">Porozumienia bez Przemocy (NVC)<\/a> w firmach, organizacjach pozarz\u0105dowych oraz w relacjach z bliskimi. Wsp\u00f3\u0142tworz\u0119 tak\u017ce\u00a0Empathic Way Europe (www.empathiceurope.com), kt\u00f3re szerzy NVC po angielsku na ca\u0142ym \u015bwiecie.<\/p>\n<p>Pracuj\u0119 g\u0142\u00f3wnie z osobami, kt\u00f3re pragn\u0105 czerpa\u0107 rado\u015b\u0107 i spe\u0142nienie z autentycznych kontakt\u00f3w z innymi. Chc\u0105 do\u015bwiadcza\u0107 \u017cycia we wszelkich jego aspektach, nie boj\u0105 si\u0119 wyzwa\u0144 oraz maj\u0105 odwag\u0119 poznawa\u0107 siebie i innych.<\/p>\n<p>Je\u015bli jeste\u015b jedn\u0105 z takich os\u00f3b, to zapraszam na szkolenia, podczas kt\u00f3rych pomog\u0119 przeku\u0107 teori\u0119 w praktyk\u0119. Zach\u0119cam do ma\u0142ych krok\u00f3w, kt\u00f3rych ostatecznym rezultatem s\u0105 namacalne efekty.<\/p>\n<p>Strona: <a href=\"https:\/\/www.empathicway.pl\/\">www.empathicway.pl<\/a><\/p>\n<\/div>\n<\/div>\n<\/div>\n<\/div>\n<\/div>\n","protected":false},"excerpt":{"rendered":"<p>Jak by\u0107 sob\u0105 i jednocze\u015bnie mie\u0107 empati\u0119 dla innych? Jak dba\u0107 o swoje granice nie rani\u0105c innych? Jak wys\u0142ucha\u0107 osoby, z kt\u00f3rymi si\u0119 nie zgadzam,&hellip;<\/p>\n","protected":false},"featured_media":7490,"template":"","meta":{"_monsterinsights_skip_tracking":false,"_monsterinsights_sitenote_active":false,"_monsterinsights_sitenote_note":"","_monsterinsights_sitenote_category":0},"product_brand":[],"product_cat":[92],"product_tag":[],"class_list":{"0":"post-5486","1":"product","2":"type-product","3":"status-publish","4":"has-post-thumbnail","6":"product_cat-webinary","8":"first","9":"instock","10":"downloadable","11":"virtual","12":"sold-individually","13":"purchasable","14":"product-type-simple"},"yoast_head":"<!-- This site is optimized with the Yoast SEO plugin v27.2 - https:\/\/yoast.com\/product\/yoast-seo-wordpress\/ -->\n<title>Autentyczno\u015b\u0107 i empatia \u2013 nagranie webinaru - Empathic Way Online | Porozumienie bez Przemocy w praktyce<\/title>\n<meta name=\"description\" content=\"Czy autentyczno\u015b\u0107 i empatia mog\u0105 ze sob\u0105 i\u015b\u0107 w parze? Jak najbardziej! Zapraszam do obejrzenia webinaru o tym, jak dba\u0107 o te jako\u015bci.\" \/>\n<meta name=\"robots\" content=\"index, nofollow, max-snippet:-1, max-image-preview:large, max-video-preview:-1\" \/>\n<link rel=\"canonical\" href=\"https:\/\/www.empathicway.pl\/online\/produkt\/autentycznosc-i-empatia\/\" \/>\n<meta property=\"og:locale\" content=\"pl_PL\" \/>\n<meta property=\"og:type\" content=\"article\" \/>\n<meta property=\"og:title\" content=\"Autentyczno\u015b\u0107 i empatia \u2013 nagranie webinaru - Empathic Way Online | Porozumienie bez Przemocy w praktyce\" \/>\n<meta property=\"og:description\" content=\"Czy autentyczno\u015b\u0107 i empatia mog\u0105 ze sob\u0105 i\u015b\u0107 w parze? Jak najbardziej! Zapraszam do obejrzenia webinaru o tym, jak dba\u0107 o te jako\u015bci.\" \/>\n<meta property=\"og:url\" content=\"https:\/\/www.empathicway.pl\/online\/produkt\/autentycznosc-i-empatia\/\" \/>\n<meta property=\"og:site_name\" content=\"Empathic Way Online | Porozumienie bez Przemocy w praktyce\" \/>\n<meta property=\"article:publisher\" content=\"https:\/\/www.facebook.com\/empathicwaypl\/\" \/>\n<meta property=\"article:modified_time\" content=\"2024-06-14T08:10:32+00:00\" \/>\n<meta property=\"og:image\" content=\"https:\/\/www.empathicway.pl\/online\/wp-content\/uploads\/2021\/09\/Nagranie-Webinaru-NVC-Autentycznosc-i-empatia-Empathic-Way-Online.png\" \/>\n\t<meta property=\"og:image:width\" content=\"1080\" \/>\n\t<meta property=\"og:image:height\" content=\"1080\" \/>\n\t<meta property=\"og:image:type\" content=\"image\/png\" \/>\n<meta name=\"twitter:card\" content=\"summary_large_image\" \/>\n<meta name=\"twitter:label1\" content=\"Szacowany czas czytania\" \/>\n\t<meta name=\"twitter:data1\" content=\"3 minuty\" \/>\n<script type=\"application\/ld+json\" class=\"yoast-schema-graph\">{\"@context\":\"https:\/\/schema.org\",\"@graph\":[{\"@type\":\"WebPage\",\"@id\":\"https:\/\/www.empathicway.pl\/online\/produkt\/autentycznosc-i-empatia\/\",\"url\":\"https:\/\/www.empathicway.pl\/online\/produkt\/autentycznosc-i-empatia\/\",\"name\":\"Autentyczno\u015b\u0107 i empatia \u2013 nagranie webinaru - Empathic Way Online | Porozumienie bez Przemocy w praktyce\",\"isPartOf\":{\"@id\":\"https:\/\/www.empathicway.pl\/online\/#website\"},\"primaryImageOfPage\":{\"@id\":\"https:\/\/www.empathicway.pl\/online\/produkt\/autentycznosc-i-empatia\/#primaryimage\"},\"image\":{\"@id\":\"https:\/\/www.empathicway.pl\/online\/produkt\/autentycznosc-i-empatia\/#primaryimage\"},\"thumbnailUrl\":\"https:\/\/www.empathicway.pl\/online\/wp-content\/uploads\/2021\/09\/Nagranie-Webinaru-NVC-Autentycznosc-i-empatia-Empathic-Way-Online.png\",\"datePublished\":\"2024-04-01T18:50:40+00:00\",\"dateModified\":\"2024-06-14T08:10:32+00:00\",\"description\":\"Czy autentyczno\u015b\u0107 i empatia mog\u0105 ze sob\u0105 i\u015b\u0107 w parze? Jak najbardziej! Zapraszam do obejrzenia webinaru o tym, jak dba\u0107 o te jako\u015bci.\",\"breadcrumb\":{\"@id\":\"https:\/\/www.empathicway.pl\/online\/produkt\/autentycznosc-i-empatia\/#breadcrumb\"},\"inLanguage\":\"pl-PL\",\"potentialAction\":[{\"@type\":\"ReadAction\",\"target\":[\"https:\/\/www.empathicway.pl\/online\/produkt\/autentycznosc-i-empatia\/\"]}]},{\"@type\":\"ImageObject\",\"inLanguage\":\"pl-PL\",\"@id\":\"https:\/\/www.empathicway.pl\/online\/produkt\/autentycznosc-i-empatia\/#primaryimage\",\"url\":\"https:\/\/www.empathicway.pl\/online\/wp-content\/uploads\/2021\/09\/Nagranie-Webinaru-NVC-Autentycznosc-i-empatia-Empathic-Way-Online.png\",\"contentUrl\":\"https:\/\/www.empathicway.pl\/online\/wp-content\/uploads\/2021\/09\/Nagranie-Webinaru-NVC-Autentycznosc-i-empatia-Empathic-Way-Online.png\",\"width\":1080,\"height\":1080,\"caption\":\"Autentyczno\u015b\u0107 i empatia \u2013 nagranie webinaru\"},{\"@type\":\"BreadcrumbList\",\"@id\":\"https:\/\/www.empathicway.pl\/online\/produkt\/autentycznosc-i-empatia\/#breadcrumb\",\"itemListElement\":[{\"@type\":\"ListItem\",\"position\":1,\"name\":\"Strona g\u0142\u00f3wna\",\"item\":\"https:\/\/www.empathicway.pl\/online\/\"},{\"@type\":\"ListItem\",\"position\":2,\"name\":\"Sklep\",\"item\":\"https:\/\/www.empathicway.pl\/online\/sklep\/\"},{\"@type\":\"ListItem\",\"position\":3,\"name\":\"Autentyczno\u015b\u0107 i empatia \u2013 nagranie webinaru\"}]},{\"@type\":\"WebSite\",\"@id\":\"https:\/\/www.empathicway.pl\/online\/#website\",\"url\":\"https:\/\/www.empathicway.pl\/online\/\",\"name\":\"Empathic Way Online | Komunikacja empatyczna krok po kroku\",\"description\":\"Platforma szkoleniowa Empathic Way\",\"publisher\":{\"@id\":\"https:\/\/www.empathicway.pl\/online\/#organization\"},\"potentialAction\":[{\"@type\":\"SearchAction\",\"target\":{\"@type\":\"EntryPoint\",\"urlTemplate\":\"https:\/\/www.empathicway.pl\/online\/?s={search_term_string}\"},\"query-input\":{\"@type\":\"PropertyValueSpecification\",\"valueRequired\":true,\"valueName\":\"search_term_string\"}}],\"inLanguage\":\"pl-PL\"},{\"@type\":\"Organization\",\"@id\":\"https:\/\/www.empathicway.pl\/online\/#organization\",\"name\":\"Empathic Way\",\"url\":\"https:\/\/www.empathicway.pl\/online\/\",\"logo\":{\"@type\":\"ImageObject\",\"inLanguage\":\"pl-PL\",\"@id\":\"https:\/\/www.empathicway.pl\/online\/#\/schema\/logo\/image\/\",\"url\":\"https:\/\/www.empathicway.pl\/online\/wp-content\/uploads\/2017\/10\/Empathic-Way-Online-logo-www.png\",\"contentUrl\":\"https:\/\/www.empathicway.pl\/online\/wp-content\/uploads\/2017\/10\/Empathic-Way-Online-logo-www.png\",\"width\":2892,\"height\":657,\"caption\":\"Empathic Way\"},\"image\":{\"@id\":\"https:\/\/www.empathicway.pl\/online\/#\/schema\/logo\/image\/\"},\"sameAs\":[\"https:\/\/www.facebook.com\/empathicwaypl\/\"]}]}<\/script>\n<!-- \/ Yoast SEO plugin. -->","yoast_head_json":{"title":"Autentyczno\u015b\u0107 i empatia \u2013 nagranie webinaru - Empathic Way Online | Porozumienie bez Przemocy w praktyce","description":"Czy autentyczno\u015b\u0107 i empatia mog\u0105 ze sob\u0105 i\u015b\u0107 w parze? Jak najbardziej! Zapraszam do obejrzenia webinaru o tym, jak dba\u0107 o te jako\u015bci.","robots":{"index":"index","follow":"nofollow","max-snippet":"max-snippet:-1","max-image-preview":"max-image-preview:large","max-video-preview":"max-video-preview:-1"},"canonical":"https:\/\/www.empathicway.pl\/online\/produkt\/autentycznosc-i-empatia\/","og_locale":"pl_PL","og_type":"article","og_title":"Autentyczno\u015b\u0107 i empatia \u2013 nagranie webinaru - Empathic Way Online | Porozumienie bez Przemocy w praktyce","og_description":"Czy autentyczno\u015b\u0107 i empatia mog\u0105 ze sob\u0105 i\u015b\u0107 w parze? Jak najbardziej! Zapraszam do obejrzenia webinaru o tym, jak dba\u0107 o te jako\u015bci.","og_url":"https:\/\/www.empathicway.pl\/online\/produkt\/autentycznosc-i-empatia\/","og_site_name":"Empathic Way Online | Porozumienie bez Przemocy w praktyce","article_publisher":"https:\/\/www.facebook.com\/empathicwaypl\/","article_modified_time":"2024-06-14T08:10:32+00:00","og_image":[{"width":1080,"height":1080,"url":"https:\/\/www.empathicway.pl\/online\/wp-content\/uploads\/2021\/09\/Nagranie-Webinaru-NVC-Autentycznosc-i-empatia-Empathic-Way-Online.png","type":"image\/png"}],"twitter_card":"summary_large_image","twitter_misc":{"Szacowany czas czytania":"3 minuty"},"schema":{"@context":"https:\/\/schema.org","@graph":[{"@type":"WebPage","@id":"https:\/\/www.empathicway.pl\/online\/produkt\/autentycznosc-i-empatia\/","url":"https:\/\/www.empathicway.pl\/online\/produkt\/autentycznosc-i-empatia\/","name":"Autentyczno\u015b\u0107 i empatia \u2013 nagranie webinaru - Empathic Way Online | Porozumienie bez Przemocy w praktyce","isPartOf":{"@id":"https:\/\/www.empathicway.pl\/online\/#website"},"primaryImageOfPage":{"@id":"https:\/\/www.empathicway.pl\/online\/produkt\/autentycznosc-i-empatia\/#primaryimage"},"image":{"@id":"https:\/\/www.empathicway.pl\/online\/produkt\/autentycznosc-i-empatia\/#primaryimage"},"thumbnailUrl":"https:\/\/www.empathicway.pl\/online\/wp-content\/uploads\/2021\/09\/Nagranie-Webinaru-NVC-Autentycznosc-i-empatia-Empathic-Way-Online.png","datePublished":"2024-04-01T18:50:40+00:00","dateModified":"2024-06-14T08:10:32+00:00","description":"Czy autentyczno\u015b\u0107 i empatia mog\u0105 ze sob\u0105 i\u015b\u0107 w parze? Jak najbardziej! Zapraszam do obejrzenia webinaru o tym, jak dba\u0107 o te jako\u015bci.","breadcrumb":{"@id":"https:\/\/www.empathicway.pl\/online\/produkt\/autentycznosc-i-empatia\/#breadcrumb"},"inLanguage":"pl-PL","potentialAction":[{"@type":"ReadAction","target":["https:\/\/www.empathicway.pl\/online\/produkt\/autentycznosc-i-empatia\/"]}]},{"@type":"ImageObject","inLanguage":"pl-PL","@id":"https:\/\/www.empathicway.pl\/online\/produkt\/autentycznosc-i-empatia\/#primaryimage","url":"https:\/\/www.empathicway.pl\/online\/wp-content\/uploads\/2021\/09\/Nagranie-Webinaru-NVC-Autentycznosc-i-empatia-Empathic-Way-Online.png","contentUrl":"https:\/\/www.empathicway.pl\/online\/wp-content\/uploads\/2021\/09\/Nagranie-Webinaru-NVC-Autentycznosc-i-empatia-Empathic-Way-Online.png","width":1080,"height":1080,"caption":"Autentyczno\u015b\u0107 i empatia \u2013 nagranie webinaru"},{"@type":"BreadcrumbList","@id":"https:\/\/www.empathicway.pl\/online\/produkt\/autentycznosc-i-empatia\/#breadcrumb","itemListElement":[{"@type":"ListItem","position":1,"name":"Strona g\u0142\u00f3wna","item":"https:\/\/www.empathicway.pl\/online\/"},{"@type":"ListItem","position":2,"name":"Sklep","item":"https:\/\/www.empathicway.pl\/online\/sklep\/"},{"@type":"ListItem","position":3,"name":"Autentyczno\u015b\u0107 i empatia \u2013 nagranie webinaru"}]},{"@type":"WebSite","@id":"https:\/\/www.empathicway.pl\/online\/#website","url":"https:\/\/www.empathicway.pl\/online\/","name":"Empathic Way Online | Komunikacja empatyczna krok po kroku","description":"Platforma szkoleniowa Empathic Way","publisher":{"@id":"https:\/\/www.empathicway.pl\/online\/#organization"},"potentialAction":[{"@type":"SearchAction","target":{"@type":"EntryPoint","urlTemplate":"https:\/\/www.empathicway.pl\/online\/?s={search_term_string}"},"query-input":{"@type":"PropertyValueSpecification","valueRequired":true,"valueName":"search_term_string"}}],"inLanguage":"pl-PL"},{"@type":"Organization","@id":"https:\/\/www.empathicway.pl\/online\/#organization","name":"Empathic Way","url":"https:\/\/www.empathicway.pl\/online\/","logo":{"@type":"ImageObject","inLanguage":"pl-PL","@id":"https:\/\/www.empathicway.pl\/online\/#\/schema\/logo\/image\/","url":"https:\/\/www.empathicway.pl\/online\/wp-content\/uploads\/2017\/10\/Empathic-Way-Online-logo-www.png","contentUrl":"https:\/\/www.empathicway.pl\/online\/wp-content\/uploads\/2017\/10\/Empathic-Way-Online-logo-www.png","width":2892,"height":657,"caption":"Empathic Way"},"image":{"@id":"https:\/\/www.empathicway.pl\/online\/#\/schema\/logo\/image\/"},"sameAs":["https:\/\/www.facebook.com\/empathicwaypl\/"]}]}},"_links":{"self":[{"href":"https:\/\/www.empathicway.pl\/online\/wp-json\/wp\/v2\/product\/5486","targetHints":{"allow":["GET"]}}],"collection":[{"href":"https:\/\/www.empathicway.pl\/online\/wp-json\/wp\/v2\/product"}],"about":[{"href":"https:\/\/www.empathicway.pl\/online\/wp-json\/wp\/v2\/types\/product"}],"version-history":[{"count":8,"href":"https:\/\/www.empathicway.pl\/online\/wp-json\/wp\/v2\/product\/5486\/revisions"}],"predecessor-version":[{"id":8192,"href":"https:\/\/www.empathicway.pl\/online\/wp-json\/wp\/v2\/product\/5486\/revisions\/8192"}],"wp:featuredmedia":[{"embeddable":true,"href":"https:\/\/www.empathicway.pl\/online\/wp-json\/wp\/v2\/media\/7490"}],"wp:attachment":[{"href":"https:\/\/www.empathicway.pl\/online\/wp-json\/wp\/v2\/media?parent=5486"}],"wp:term":[{"taxonomy":"product_brand","embeddable":true,"href":"https:\/\/www.empathicway.pl\/online\/wp-json\/wp\/v2\/product_brand?post=5486"},{"taxonomy":"product_cat","embeddable":true,"href":"https:\/\/www.empathicway.pl\/online\/wp-json\/wp\/v2\/product_cat?post=5486"},{"taxonomy":"product_tag","embeddable":true,"href":"https:\/\/www.empathicway.pl\/online\/wp-json\/wp\/v2\/product_tag?post=5486"}],"curies":[{"name":"wp","href":"https:\/\/api.w.org\/{rel}","templated":true}]}}