{"id":7693,"date":"2024-05-09T10:34:18","date_gmt":"2024-05-09T08:34:18","guid":{"rendered":"https:\/\/www.empathicway.pl\/online\/?post_type=product&#038;p=7693"},"modified":"2024-06-14T12:29:10","modified_gmt":"2024-06-14T10:29:10","slug":"jak-sluchac-siebie-z-empatia-webinar","status":"publish","type":"product","link":"https:\/\/www.empathicway.pl\/online\/produkt\/jak-sluchac-siebie-z-empatia-webinar\/","title":{"rendered":"Jak s\u0142ucha\u0107 siebie z empati\u0105? \u2013 nagranie webinaru"},"content":{"rendered":"<p>Czy masz czasem tak, \u017ce w emocjonuj\u0105cych sytuacjach <strong>reagujesz z automatu<\/strong> a potem <strong>\u017ca\u0142ujesz<\/strong> swoich s\u0142\u00f3w lub czyn\u00f3w?<\/p>\n<p>A mo\u017ce zawsze <strong>stawiasz innych na pierwszym miejscu<\/strong> i dziwisz si\u0119 sk\u0105d w Tobie <strong>irytacja<\/strong>, <strong>zniecierpliwienie<\/strong> lub po prostu przeogromne <strong>zm\u0119czenie<\/strong>?<\/p>\n<p>Na pomoc w takich momentach mo\u017ce Ci przyj\u015b\u0107 <strong>empatia dla siebie<\/strong>. Dzi\u0119ki niej mo\u017cesz mie\u0107 <strong>wi\u0119cej kontaktu<\/strong> z tym, co dla Ciebie wa\u017cne, <strong>lepiej rozumie\u0107 swoje uczucia<\/strong> i \u0142atwiej podejmowa\u0107 <strong>decyzje<\/strong>, kt\u00f3re b\u0119d\u0105 <strong>korzystne<\/strong> zar\u00f3wno <strong>dla innych<\/strong>, jak i <strong>Ciebie<\/strong>.<\/p>\n<p>Jak mie\u0107 <strong>wi\u0119cej empatii dla siebie<\/strong>, zw\u0142aszcza gdy <strong>nie ma czasu<\/strong> na my\u015blenie, bo \u201etrzeba\u201d dzia\u0142a\u0107 albo po prostu masz <strong>przekonanie<\/strong>, \u017ce <strong>Twoje potrzeby nie s\u0105 istotne<\/strong> w danym momencie?<\/p>\n<p><strong>Zapraszam do obejrzenia webinaru<\/strong> podczas kt\u00f3rego opowiadam, <strong>czym jest empatia dla siebie<\/strong> w rozumieniu Porozumienia bez Przemocy (NVC), <strong>jak<\/strong> si\u0119 do niej zabra\u0107 oraz jakie mog\u0105 by\u0107 <strong>konsekwencje jej braku<\/strong>. Dziel\u0119 si\u0119 tak\u017ce kilkoma wskaz\u00f3wkami <strong>jak zwi\u0119ksza\u0107 uwa\u017cno\u015b\u0107<\/strong> na swoje uczucia i potrzeby oraz omawiam <strong>kilka przyk\u0142adowych sytuacji<\/strong>.<\/p>\n<p>&nbsp;<\/p>\n<p><strong>Informacje praktyczne:<\/strong><\/p>\n<div class=\"et_pb_row et_pb_row_4\">\n<div class=\"et_pb_column et_pb_column_4_4 et_pb_column_5 et_pb_css_mix_blend_mode_passthrough et-last-child\">\n<div class=\"et_pb_with_border et_pb_module et_pb_text et_pb_text_2 et_pb_text_align_center et_pb_bg_layout_light\">\n<div class=\"et_pb_text_inner\">\n<ul>\n<li><strong>Czas trwania webinaru:<\/strong> 60 minut<\/li>\n<li><strong>Cena:<\/strong> 49 z\u0142<\/li>\n<li>Opr\u00f3cz <strong>dost\u0119pu do nagrania<\/strong> otrzymasz plik <strong>PDF<\/strong>\u00a0z\u00a0<strong>prezentacj\u0105<\/strong>.<\/li>\n<li>Nagranie jest dost\u0119pne na <strong>platformie online<\/strong> Empathic Way. B\u0119dziesz mie\u0107 do niej dost\u0119p w dowolnym czasie i z dowolnego komputera\/telefonu minimum przez rok. Wymaga to posiadania konta na platformie (je\u015bli go nie masz, utworzy si\u0119 automatycznie przy sk\u0142adaniu zam\u00f3wienia) i <strong>zalogowania si\u0119<\/strong>.<\/li>\n<li>Po z\u0142o\u017ceniu zam\u00f3wienia, <strong>link do nagrania <\/strong>b\u0119dzie dost\u0119pny w mailu potwierdzaj\u0105cym oraz na stronie\u00a0<span style=\"color: #000000;\"><a href=\"https:\/\/www.empathicway.pl\/online\/moje-konto\/\"><strong>Moje konto<\/strong><\/a> po zalogowaniu si\u0119.<\/span><\/li>\n<li>Nie ma mo\u017cliwo\u015bci pobrania wideo na sw\u00f3j komputer.<\/li>\n<\/ul>\n<\/div>\n<\/div>\n<\/div>\n<\/div>\n<p><strong>\u00a0<\/strong><\/p>\n<p><strong>Prowadz\u0105ca:<\/strong><\/p>\n<p><strong><span class=\"et_pb_image_wrap \"><img decoding=\"async\" class=\"wp-image-693 alignleft\" title=\"Magdalena-Malinowska-Empathic-Way-Europe-Online-Nonviolent-Communication-NVC\" src=\"https:\/\/online.empathicway.pl\/wp-content\/uploads\/2021\/04\/Magdalena-Malinowska-Empathic-Way-Europe-Online-Nonviolent-Communication-NVC.jpg\" sizes=\"(min-width: 0px) and (max-width: 480px) 480px, (min-width: 481px) 511px, 100vw\" srcset=\"https:\/\/online.empathicway.pl\/wp-content\/uploads\/2021\/04\/Magdalena-Malinowska-Empathic-Way-Europe-Online-Nonviolent-Communication-NVC.jpg 511w, https:\/\/online.empathicway.pl\/wp-content\/uploads\/2021\/04\/Magdalena-Malinowska-Empathic-Way-Europe-Online-Nonviolent-Communication-NVC-480x480.jpg 480w\" alt=\"Magdalena Malinowska Empathic Way\" width=\"212\" height=\"212\" \/><\/span>Magdalena Malinowska-Berggren<\/strong><\/p>\n<p>Jestem certyfikowan\u0105 trenerk\u0105 Porozumienia bez Przemocy (certyfikat CNVC, USA). Wspieram w budowaniu satysfakcjonuj\u0105cego \u017cycia i dobrych relacji, prywatnych i zawodowych, poprzez szkolenia indywidualne i grupowe pog\u0142\u0119biaj\u0105ce umiej\u0119tno\u015b\u0107 skutecznej komunikacji. Inspiruj\u0119 do szczerego dawania informacji zwrotnych oraz otwarto\u015bci na perspektyw\u0119 innych os\u00f3b. Prowadz\u0119 firm\u0119\u00a0Empathic Way (www.empathicway.pl), w ramach kt\u00f3rej pomagam we wdra\u017caniu Porozumienia bez Przemocy (NVC) w firmach, organizacjach pozarz\u0105dowych oraz w relacjach z bliskimi. Wsp\u00f3\u0142tworz\u0119 tak\u017ce\u00a0Empathic Way Europe (www.empathiceurope.com), kt\u00f3re szerzy NVC po angielsku na ca\u0142ym \u015bwiecie.<\/p>\n<p>Pracuj\u0119 g\u0142\u00f3wnie z osobami, kt\u00f3re pragn\u0105 czerpa\u0107 rado\u015b\u0107 i spe\u0142nienie z autentycznych kontakt\u00f3w z innymi. Chc\u0105 do\u015bwiadcza\u0107 \u017cycia we wszelkich jego aspektach, nie boj\u0105 si\u0119 wyzwa\u0144 oraz maj\u0105 odwag\u0119 poznawa\u0107 siebie i innych.<\/p>\n<p>Je\u015bli jeste\u015b jedn\u0105 z takich os\u00f3b, to zapraszam na szkolenia, podczas kt\u00f3rych pomog\u0119 przeku\u0107 teori\u0119 w praktyk\u0119. Zach\u0119cam do ma\u0142ych krok\u00f3w, kt\u00f3rych ostatecznym rezultatem s\u0105 namacalne efekty.<\/p>\n<p>Strona: <a href=\"http:\/\/www.empathicway.pl\/\">www.empathicway.pl<\/a><\/p>\n","protected":false},"excerpt":{"rendered":"<p>Czy masz czasem tak, \u017ce w emocjonuj\u0105cych sytuacjach reagujesz z automatu a potem \u017ca\u0142ujesz swoich s\u0142\u00f3w lub czyn\u00f3w? A mo\u017ce zawsze stawiasz innych na pierwszym&hellip;<\/p>\n","protected":false},"featured_media":8159,"template":"","meta":{"_monsterinsights_skip_tracking":false,"_monsterinsights_sitenote_active":false,"_monsterinsights_sitenote_note":"","_monsterinsights_sitenote_category":0},"product_brand":[],"product_cat":[92],"product_tag":[],"class_list":{"0":"post-7693","1":"product","2":"type-product","3":"status-publish","4":"has-post-thumbnail","6":"product_cat-webinary","8":"first","9":"instock","10":"downloadable","11":"virtual","12":"purchasable","13":"product-type-simple"},"yoast_head":"<!-- This site is optimized with the Yoast SEO plugin v27.2 - https:\/\/yoast.com\/product\/yoast-seo-wordpress\/ -->\n<title>Jak s\u0142ucha\u0107 siebie z empati\u0105? \u2013 nagranie webinaru - Empathic Way Online | Porozumienie bez Przemocy w praktyce<\/title>\n<meta name=\"description\" content=\"Zastanawiasz si\u0119, jak s\u0142ucha\u0107 siebie z empati\u0105? Zapraszam do obejrzenia webinaru NVC, podczas kt\u00f3rego dziel\u0119 si\u0119 kilkoma praktycznymi wskaz\u00f3wkami.\" \/>\n<meta name=\"robots\" content=\"index, follow, max-snippet:-1, max-image-preview:large, max-video-preview:-1\" \/>\n<link rel=\"canonical\" href=\"https:\/\/www.empathicway.pl\/online\/produkt\/jak-sluchac-siebie-z-empatia-webinar\/\" \/>\n<meta property=\"og:locale\" content=\"pl_PL\" \/>\n<meta property=\"og:type\" content=\"article\" \/>\n<meta property=\"og:title\" content=\"Jak s\u0142ucha\u0107 siebie z empati\u0105? \u2013 nagranie webinaru - Empathic Way Online | Porozumienie bez Przemocy w praktyce\" \/>\n<meta property=\"og:description\" content=\"Zastanawiasz si\u0119, jak s\u0142ucha\u0107 siebie z empati\u0105? Zapraszam do obejrzenia webinaru NVC, podczas kt\u00f3rego dziel\u0119 si\u0119 kilkoma praktycznymi wskaz\u00f3wkami.\" \/>\n<meta property=\"og:url\" content=\"https:\/\/www.empathicway.pl\/online\/produkt\/jak-sluchac-siebie-z-empatia-webinar\/\" \/>\n<meta property=\"og:site_name\" content=\"Empathic Way Online | Porozumienie bez Przemocy w praktyce\" \/>\n<meta property=\"article:publisher\" content=\"https:\/\/www.facebook.com\/empathicwaypl\/\" \/>\n<meta property=\"article:modified_time\" content=\"2024-06-14T10:29:10+00:00\" \/>\n<meta property=\"og:image\" content=\"https:\/\/www.empathicway.pl\/online\/wp-content\/uploads\/2024\/01\/Jak-sluchac-siebie-z-empatia-Nagranie-Webinaru-Empathic-Way-Online.png\" \/>\n\t<meta property=\"og:image:width\" content=\"1080\" \/>\n\t<meta property=\"og:image:height\" content=\"1080\" \/>\n\t<meta property=\"og:image:type\" content=\"image\/png\" \/>\n<meta name=\"twitter:card\" content=\"summary_large_image\" \/>\n<meta name=\"twitter:label1\" content=\"Szacowany czas czytania\" \/>\n\t<meta name=\"twitter:data1\" content=\"3 minuty\" \/>\n<script type=\"application\/ld+json\" class=\"yoast-schema-graph\">{\"@context\":\"https:\/\/schema.org\",\"@graph\":[{\"@type\":\"WebPage\",\"@id\":\"https:\/\/www.empathicway.pl\/online\/produkt\/jak-sluchac-siebie-z-empatia-webinar\/\",\"url\":\"https:\/\/www.empathicway.pl\/online\/produkt\/jak-sluchac-siebie-z-empatia-webinar\/\",\"name\":\"Jak s\u0142ucha\u0107 siebie z empati\u0105? \u2013 nagranie webinaru - Empathic Way Online | Porozumienie bez Przemocy w praktyce\",\"isPartOf\":{\"@id\":\"https:\/\/www.empathicway.pl\/online\/#website\"},\"primaryImageOfPage\":{\"@id\":\"https:\/\/www.empathicway.pl\/online\/produkt\/jak-sluchac-siebie-z-empatia-webinar\/#primaryimage\"},\"image\":{\"@id\":\"https:\/\/www.empathicway.pl\/online\/produkt\/jak-sluchac-siebie-z-empatia-webinar\/#primaryimage\"},\"thumbnailUrl\":\"https:\/\/www.empathicway.pl\/online\/wp-content\/uploads\/2024\/01\/Jak-sluchac-siebie-z-empatia-Nagranie-Webinaru-Empathic-Way-Online.png\",\"datePublished\":\"2024-05-09T08:34:18+00:00\",\"dateModified\":\"2024-06-14T10:29:10+00:00\",\"description\":\"Zastanawiasz si\u0119, jak s\u0142ucha\u0107 siebie z empati\u0105? Zapraszam do obejrzenia webinaru NVC, podczas kt\u00f3rego dziel\u0119 si\u0119 kilkoma praktycznymi wskaz\u00f3wkami.\",\"breadcrumb\":{\"@id\":\"https:\/\/www.empathicway.pl\/online\/produkt\/jak-sluchac-siebie-z-empatia-webinar\/#breadcrumb\"},\"inLanguage\":\"pl-PL\",\"potentialAction\":[{\"@type\":\"ReadAction\",\"target\":[\"https:\/\/www.empathicway.pl\/online\/produkt\/jak-sluchac-siebie-z-empatia-webinar\/\"]}]},{\"@type\":\"ImageObject\",\"inLanguage\":\"pl-PL\",\"@id\":\"https:\/\/www.empathicway.pl\/online\/produkt\/jak-sluchac-siebie-z-empatia-webinar\/#primaryimage\",\"url\":\"https:\/\/www.empathicway.pl\/online\/wp-content\/uploads\/2024\/01\/Jak-sluchac-siebie-z-empatia-Nagranie-Webinaru-Empathic-Way-Online.png\",\"contentUrl\":\"https:\/\/www.empathicway.pl\/online\/wp-content\/uploads\/2024\/01\/Jak-sluchac-siebie-z-empatia-Nagranie-Webinaru-Empathic-Way-Online.png\",\"width\":1080,\"height\":1080,\"caption\":\"Jak s\u0142ucha\u0107 siebie z empati\u0105? \u2013 webinar NVC Magdalena Malinowska-Berggren\"},{\"@type\":\"BreadcrumbList\",\"@id\":\"https:\/\/www.empathicway.pl\/online\/produkt\/jak-sluchac-siebie-z-empatia-webinar\/#breadcrumb\",\"itemListElement\":[{\"@type\":\"ListItem\",\"position\":1,\"name\":\"Strona g\u0142\u00f3wna\",\"item\":\"https:\/\/www.empathicway.pl\/online\/\"},{\"@type\":\"ListItem\",\"position\":2,\"name\":\"Sklep\",\"item\":\"https:\/\/www.empathicway.pl\/online\/sklep\/\"},{\"@type\":\"ListItem\",\"position\":3,\"name\":\"Jak s\u0142ucha\u0107 siebie z empati\u0105? \u2013 nagranie webinaru\"}]},{\"@type\":\"WebSite\",\"@id\":\"https:\/\/www.empathicway.pl\/online\/#website\",\"url\":\"https:\/\/www.empathicway.pl\/online\/\",\"name\":\"Empathic Way Online | Komunikacja empatyczna krok po kroku\",\"description\":\"Platforma szkoleniowa Empathic Way\",\"publisher\":{\"@id\":\"https:\/\/www.empathicway.pl\/online\/#organization\"},\"potentialAction\":[{\"@type\":\"SearchAction\",\"target\":{\"@type\":\"EntryPoint\",\"urlTemplate\":\"https:\/\/www.empathicway.pl\/online\/?s={search_term_string}\"},\"query-input\":{\"@type\":\"PropertyValueSpecification\",\"valueRequired\":true,\"valueName\":\"search_term_string\"}}],\"inLanguage\":\"pl-PL\"},{\"@type\":\"Organization\",\"@id\":\"https:\/\/www.empathicway.pl\/online\/#organization\",\"name\":\"Empathic Way\",\"url\":\"https:\/\/www.empathicway.pl\/online\/\",\"logo\":{\"@type\":\"ImageObject\",\"inLanguage\":\"pl-PL\",\"@id\":\"https:\/\/www.empathicway.pl\/online\/#\/schema\/logo\/image\/\",\"url\":\"https:\/\/www.empathicway.pl\/online\/wp-content\/uploads\/2017\/10\/Empathic-Way-Online-logo-www.png\",\"contentUrl\":\"https:\/\/www.empathicway.pl\/online\/wp-content\/uploads\/2017\/10\/Empathic-Way-Online-logo-www.png\",\"width\":2892,\"height\":657,\"caption\":\"Empathic Way\"},\"image\":{\"@id\":\"https:\/\/www.empathicway.pl\/online\/#\/schema\/logo\/image\/\"},\"sameAs\":[\"https:\/\/www.facebook.com\/empathicwaypl\/\"]}]}<\/script>\n<!-- \/ Yoast SEO plugin. -->","yoast_head_json":{"title":"Jak s\u0142ucha\u0107 siebie z empati\u0105? \u2013 nagranie webinaru - Empathic Way Online | Porozumienie bez Przemocy w praktyce","description":"Zastanawiasz si\u0119, jak s\u0142ucha\u0107 siebie z empati\u0105? Zapraszam do obejrzenia webinaru NVC, podczas kt\u00f3rego dziel\u0119 si\u0119 kilkoma praktycznymi wskaz\u00f3wkami.","robots":{"index":"index","follow":"follow","max-snippet":"max-snippet:-1","max-image-preview":"max-image-preview:large","max-video-preview":"max-video-preview:-1"},"canonical":"https:\/\/www.empathicway.pl\/online\/produkt\/jak-sluchac-siebie-z-empatia-webinar\/","og_locale":"pl_PL","og_type":"article","og_title":"Jak s\u0142ucha\u0107 siebie z empati\u0105? \u2013 nagranie webinaru - Empathic Way Online | Porozumienie bez Przemocy w praktyce","og_description":"Zastanawiasz si\u0119, jak s\u0142ucha\u0107 siebie z empati\u0105? Zapraszam do obejrzenia webinaru NVC, podczas kt\u00f3rego dziel\u0119 si\u0119 kilkoma praktycznymi wskaz\u00f3wkami.","og_url":"https:\/\/www.empathicway.pl\/online\/produkt\/jak-sluchac-siebie-z-empatia-webinar\/","og_site_name":"Empathic Way Online | Porozumienie bez Przemocy w praktyce","article_publisher":"https:\/\/www.facebook.com\/empathicwaypl\/","article_modified_time":"2024-06-14T10:29:10+00:00","og_image":[{"width":1080,"height":1080,"url":"https:\/\/www.empathicway.pl\/online\/wp-content\/uploads\/2024\/01\/Jak-sluchac-siebie-z-empatia-Nagranie-Webinaru-Empathic-Way-Online.png","type":"image\/png"}],"twitter_card":"summary_large_image","twitter_misc":{"Szacowany czas czytania":"3 minuty"},"schema":{"@context":"https:\/\/schema.org","@graph":[{"@type":"WebPage","@id":"https:\/\/www.empathicway.pl\/online\/produkt\/jak-sluchac-siebie-z-empatia-webinar\/","url":"https:\/\/www.empathicway.pl\/online\/produkt\/jak-sluchac-siebie-z-empatia-webinar\/","name":"Jak s\u0142ucha\u0107 siebie z empati\u0105? \u2013 nagranie webinaru - Empathic Way Online | Porozumienie bez Przemocy w praktyce","isPartOf":{"@id":"https:\/\/www.empathicway.pl\/online\/#website"},"primaryImageOfPage":{"@id":"https:\/\/www.empathicway.pl\/online\/produkt\/jak-sluchac-siebie-z-empatia-webinar\/#primaryimage"},"image":{"@id":"https:\/\/www.empathicway.pl\/online\/produkt\/jak-sluchac-siebie-z-empatia-webinar\/#primaryimage"},"thumbnailUrl":"https:\/\/www.empathicway.pl\/online\/wp-content\/uploads\/2024\/01\/Jak-sluchac-siebie-z-empatia-Nagranie-Webinaru-Empathic-Way-Online.png","datePublished":"2024-05-09T08:34:18+00:00","dateModified":"2024-06-14T10:29:10+00:00","description":"Zastanawiasz si\u0119, jak s\u0142ucha\u0107 siebie z empati\u0105? Zapraszam do obejrzenia webinaru NVC, podczas kt\u00f3rego dziel\u0119 si\u0119 kilkoma praktycznymi wskaz\u00f3wkami.","breadcrumb":{"@id":"https:\/\/www.empathicway.pl\/online\/produkt\/jak-sluchac-siebie-z-empatia-webinar\/#breadcrumb"},"inLanguage":"pl-PL","potentialAction":[{"@type":"ReadAction","target":["https:\/\/www.empathicway.pl\/online\/produkt\/jak-sluchac-siebie-z-empatia-webinar\/"]}]},{"@type":"ImageObject","inLanguage":"pl-PL","@id":"https:\/\/www.empathicway.pl\/online\/produkt\/jak-sluchac-siebie-z-empatia-webinar\/#primaryimage","url":"https:\/\/www.empathicway.pl\/online\/wp-content\/uploads\/2024\/01\/Jak-sluchac-siebie-z-empatia-Nagranie-Webinaru-Empathic-Way-Online.png","contentUrl":"https:\/\/www.empathicway.pl\/online\/wp-content\/uploads\/2024\/01\/Jak-sluchac-siebie-z-empatia-Nagranie-Webinaru-Empathic-Way-Online.png","width":1080,"height":1080,"caption":"Jak s\u0142ucha\u0107 siebie z empati\u0105? \u2013 webinar NVC Magdalena Malinowska-Berggren"},{"@type":"BreadcrumbList","@id":"https:\/\/www.empathicway.pl\/online\/produkt\/jak-sluchac-siebie-z-empatia-webinar\/#breadcrumb","itemListElement":[{"@type":"ListItem","position":1,"name":"Strona g\u0142\u00f3wna","item":"https:\/\/www.empathicway.pl\/online\/"},{"@type":"ListItem","position":2,"name":"Sklep","item":"https:\/\/www.empathicway.pl\/online\/sklep\/"},{"@type":"ListItem","position":3,"name":"Jak s\u0142ucha\u0107 siebie z empati\u0105? \u2013 nagranie webinaru"}]},{"@type":"WebSite","@id":"https:\/\/www.empathicway.pl\/online\/#website","url":"https:\/\/www.empathicway.pl\/online\/","name":"Empathic Way Online | Komunikacja empatyczna krok po kroku","description":"Platforma szkoleniowa Empathic Way","publisher":{"@id":"https:\/\/www.empathicway.pl\/online\/#organization"},"potentialAction":[{"@type":"SearchAction","target":{"@type":"EntryPoint","urlTemplate":"https:\/\/www.empathicway.pl\/online\/?s={search_term_string}"},"query-input":{"@type":"PropertyValueSpecification","valueRequired":true,"valueName":"search_term_string"}}],"inLanguage":"pl-PL"},{"@type":"Organization","@id":"https:\/\/www.empathicway.pl\/online\/#organization","name":"Empathic Way","url":"https:\/\/www.empathicway.pl\/online\/","logo":{"@type":"ImageObject","inLanguage":"pl-PL","@id":"https:\/\/www.empathicway.pl\/online\/#\/schema\/logo\/image\/","url":"https:\/\/www.empathicway.pl\/online\/wp-content\/uploads\/2017\/10\/Empathic-Way-Online-logo-www.png","contentUrl":"https:\/\/www.empathicway.pl\/online\/wp-content\/uploads\/2017\/10\/Empathic-Way-Online-logo-www.png","width":2892,"height":657,"caption":"Empathic Way"},"image":{"@id":"https:\/\/www.empathicway.pl\/online\/#\/schema\/logo\/image\/"},"sameAs":["https:\/\/www.facebook.com\/empathicwaypl\/"]}]}},"_links":{"self":[{"href":"https:\/\/www.empathicway.pl\/online\/wp-json\/wp\/v2\/product\/7693","targetHints":{"allow":["GET"]}}],"collection":[{"href":"https:\/\/www.empathicway.pl\/online\/wp-json\/wp\/v2\/product"}],"about":[{"href":"https:\/\/www.empathicway.pl\/online\/wp-json\/wp\/v2\/types\/product"}],"version-history":[{"count":6,"href":"https:\/\/www.empathicway.pl\/online\/wp-json\/wp\/v2\/product\/7693\/revisions"}],"predecessor-version":[{"id":8193,"href":"https:\/\/www.empathicway.pl\/online\/wp-json\/wp\/v2\/product\/7693\/revisions\/8193"}],"wp:featuredmedia":[{"embeddable":true,"href":"https:\/\/www.empathicway.pl\/online\/wp-json\/wp\/v2\/media\/8159"}],"wp:attachment":[{"href":"https:\/\/www.empathicway.pl\/online\/wp-json\/wp\/v2\/media?parent=7693"}],"wp:term":[{"taxonomy":"product_brand","embeddable":true,"href":"https:\/\/www.empathicway.pl\/online\/wp-json\/wp\/v2\/product_brand?post=7693"},{"taxonomy":"product_cat","embeddable":true,"href":"https:\/\/www.empathicway.pl\/online\/wp-json\/wp\/v2\/product_cat?post=7693"},{"taxonomy":"product_tag","embeddable":true,"href":"https:\/\/www.empathicway.pl\/online\/wp-json\/wp\/v2\/product_tag?post=7693"}],"curies":[{"name":"wp","href":"https:\/\/api.w.org\/{rel}","templated":true}]}}